{"id":322,"date":"2024-09-21T17:32:45","date_gmt":"2024-09-21T17:32:45","guid":{"rendered":"https:\/\/anvi-group.com\/?page_id=322"},"modified":"2024-09-26T19:45:49","modified_gmt":"2024-09-26T19:45:49","slug":"faq-3","status":"publish","type":"page","link":"https:\/\/anvi-group.com\/?page_id=322&lang=pl","title":{"rendered":"FAQ"},"content":{"rendered":"\n<p><strong>Odpowiedzi na cz\u0119sto zadawane pytania<\/strong><\/p>\n\n\n\n<p>\u2014 Kto mo\u017ce za\u0142o\u017cy\u0107 firm\u0119 w Polsce<\/p>\n\n\n\n<p>Cudzoziemiec posiadaj\u0105cy paszport zagraniczny mo\u017ce za\u0142o\u017cy\u0107 dzia\u0142alno\u015b\u0107 gospodarcz\u0105 na takich samych warunkach jak obywatel polski, w dowolnej formie organizacyjno-prawnej.<\/p>\n\n\n\n<p>Osoba taka mo\u017ce za\u0142o\u017cy\u0107 jednoosobow\u0105 dzia\u0142alno\u015b\u0107 gospodarcz\u0105 i zarejestrowa\u0107 j\u0105 w CEIDG (je\u015bli posiada obywatelstwo ukrai\u0144skie, kart\u0119 Polaka, kart\u0119 sta\u0142ego pobytu, kart\u0119 pobytu czasowego na podstawie odbycia sta\u017cu), a tak\u017ce dowolne stowarzyszenie lub sp\u00f3\u0142k\u0119 z kapita\u0142em w tym sp\u00f3\u0142k\u0119 jawn\u0105 i sp\u00f3\u0142k\u0119 z ograniczon\u0105 odpowiedzialno\u015bci\u0105 i zarejestrowa\u0107 j\u0105 w Krajowym Rejestrze S\u0105dowym.<\/p>\n\n\n\n<p>\u2014 Jak zdoby\u0107 PESEL<\/p>\n\n\n\n<p>\u2014 PESEL to jedenastocyfrowy symbol cyfrowy, kt\u00f3ry pozwala \u0142atwo zidentyfikowa\u0107 osob\u0119. Numer PESEL zawiera dat\u0119 urodzenia, numer seryjny, p\u0142e\u0107 oraz numer kontrolny.<\/p>\n\n\n\n<p>\u2014 Obywatel Ukrainy, kt\u00f3ry legalnie wjecha\u0142 do Polski w dniu 24 lutego 2022 r. bezpo\u015brednio z terytorium Ukrainy, PESEL otrzyma po z\u0142o\u017ceniu wniosku w dowolnym urz\u0119dzie polskiej gminy. Wniosek mo\u017ce wype\u0142ni\u0107 wnioskodawca lub pracownik urz\u0119du na podstawie informacji przekazanych przez wnioskodawc\u0119.<br>Pozostali cudzoziemcy, a tak\u017ce obywatele Ukrainy, kt\u00f3rzy przybyli przed 24 lutego 2022 r., mog\u0105 otrzyma\u0107 PESEL podczas rejestracji lub sk\u0142adaj\u0105c wniosek do odpowiedniego Uzhend.<\/p>\n\n\n\n<p>\u2014 Jakie s\u0105 formy prowadzenia dzia\u0142alno\u015bci gospodarczej w Polsce?<\/p>\n\n\n\n<p>Najcz\u0119\u015bciej nasi Klienci rejestruj\u0105 Sp\u00f3\u0142k\u0119 z o.o. &#8212; analog ukrai\u0144skiej LLC lub JDG (jednoosobowa dzia\u0142alno\u015b\u0107 gospodarcza) &#8212; analog ukrai\u0144skiego FOP.<\/p>\n\n\n\n<p>W Polsce istniej\u0105 r\u00f3wnie\u017c takie rodzaje publicznych dzia\u0142alno\u015bci gospodarczych jak Sp\u00f3\u0142ka Komandytowa, Sp\u00f3\u0142ka Akcyjna, Sp\u00f3\u0142ka Akcyjna i inne.<\/p>\n\n\n\n<p>Istnieje r\u00f3wnie\u017c mo\u017cliwo\u015b\u0107 wsp\u00f3\u0142pracy z Inkubatorem Przedsi\u0119biorczo\u015bci.<\/p>\n\n\n\n<p>Ka\u017cdy z tych typ\u00f3w ma swoje zalety i wady. Lepiej uzyska\u0107 kompleksow\u0105 konsultacj\u0119 od naszych specjalist\u00f3w, kt\u00f3ra z tych form prowadzenia dzia\u0142alno\u015bci jest dla Ciebie odpowiednia, bior\u0105c pod uwag\u0119 wszystkie niuanse i potrzeby Twojej firmy.<\/p>\n\n\n\n<p>\u2014 Jakie podatki (stawki podatkowe) obowi\u0105zuj\u0105 w Polsce?<\/p>\n\n\n\n<p>Dla sektora IT obowi\u0105zuj\u0105 takie podatki \u2013 5% (IP BOX), 8,5%, 12% i 15% \u2013 w zale\u017cno\u015bci od rodzaju dzia\u0142alno\u015bci i us\u0142ug.<\/p>\n\n\n\n<p>Dla Sp. z oo \u2013 jest to podatek 9% od dochod\u00f3w do 2 mln euro rocznie i 19% od dochod\u00f3w powy\u017cej 2 mln euro rocznie<br>Istniej\u0105 r\u00f3wnie\u017c Korzy\u015bci &#8212; \u201eEsto\u0144ski SIT\u201d &#8212; 0% podatku pod pewnymi warunkami dla Sp. z oo (nasi specjali\u015bci mog\u0105 powiedzie\u0107 Ci wi\u0119cej na ten temat)<\/p>\n\n\n\n<p>Istniej\u0105 r\u00f3\u017cne rodzaje podatk\u00f3w, ale g\u0142\u00f3wne dla JDG to 17% dla dochod\u00f3w do 120 000 z\u0142 rocznie i 32% dla dochod\u00f3w powy\u017cej 120 000 z\u0142 rocznie.<br>I 19% &#8212; je\u015bli nie wybierzesz limitu dochod\u00f3w.<\/p>\n\n\n\n<p>\u2014 Jakie dokumenty s\u0105 wymagane, aby rozpocz\u0105\u0107 wsp\u00f3\u0142prac\u0119 przy otwieraniu firmy w Polsce?<\/p>\n\n\n\n<p>Najlepiej z notarialnym pe\u0142nomocnictwem<\/p>\n\n\n\n<p>Paszport<\/p>\n\n\n\n<p>Podpisana umowa<\/p>\n\n\n\n<p>\u2014 Jak przebiega otwarcie sp\u00f3\u0142ki wsp\u00f3lnie z ANVI GROUP?<\/p>\n\n\n\n<p>Mo\u017cesz przyjecha\u0107 do Polski lub mo\u017cemy otworzy\u0107 firm\u0119 zdalnie.<\/p>\n\n\n\n<p>Podpisujesz z nami umow\u0119 (wymaga to e-maila), a otrzymasz list zawieraj\u0105cy umow\u0119, kt\u00f3r\u0105 musisz podpisa\u0107.<br>Nast\u0119pnie otrzymamy kopi\u0119 umowy poczt\u0105 elektroniczn\u0105.<br>P\u0142atno\u015b\u0107 na konto firmowe (ca\u0142o\u015b\u0107 lub 50% zaliczki)<br>Wys\u0142a\u0107:<br>\u201eCertyfikat\u201d (notarialne potwierdzenie to\u017csamo\u015bci i podpisu)<br>Pe\u0142nomocnictwo do wykonania wszystkich dokument\u00f3w zwi\u0105zanych z otwarciem firmy.<br>Umowa o uzyskanie podpisu elektronicznego (analog ukrai\u0144skiego podpisu cyfrowego, za pomoc\u0105 kt\u00f3rego b\u0119dziesz podpisywa\u0107 dokumenty rejestracyjne, a tak\u017ce dokumenty finansowe, raporty, umowy).<br>Przygotowujemy i wype\u0142niamy wszystkie dokumenty niezb\u0119dne do rejestracji firmy. (Aby to zrobi\u0107, nie musisz by\u0107 obywatelem Polski ani posiada\u0107 pozwolenia na pobyt). Jedyne, co musisz mie\u0107, to paszport.<br>Rejestracja:<br>Sprawdzenie nazwy firmy, sporz\u0105dzenie wykazu dzia\u0142alno\u015bci zgodnie z PKD (wyb\u00f3r KVED);<br>Rejestracja dokument\u00f3w za\u0142o\u017cycielskich: umowa, decyzja zgromadzenia\/zarz\u0105du za\u0142o\u017cycielskiego;<br>Uiszczanie op\u0142at rejestracyjnych;<br>Nast\u0119pnie dokumenty przesy\u0142ane s\u0105 do s\u0105du i sekretarza. Czekamy na ich odpowied\u017a;<br>Rejestracja sp\u00f3\u0142ki LLC w Pa\u0144stwowym Rejestrze Przedsi\u0119biorc\u00f3w (KRS), urz\u0119dzie skarbowym, organach statystycznych i uzyskanie statystycznego numeru REGON;<br>Uzyskanie Numeru Identyfikacji Podatkowej NIP;<br>Zap\u0142ata podatku od minimalnego kapita\u0142u docelowego;<br>Dokumenty wst\u0119pne sk\u0142adamy do banku w celu otwarcia rachunku. A potem przyjedziesz do Polski.<br>P\u0142atno\u015b\u0107 drugiej cz\u0119\u015bci, je\u017celi 100% nie zosta\u0142o wp\u0142acone od razu<br>Zawarcie umowy najmu wirtualnego biura (adres siedziby).<br>Pe\u0142nomocnictwa.<br>Otwieramy konto w Banku.<br>Rozw\u00f3j i produkcja poligrafii.<br>Podpisujesz umow\u0119 na us\u0142ugi swojej firmy z Ksi\u0119gowym (naszym lub Twoim).<\/p>\n\n\n\n<p>\u2014 Czy przedsi\u0119biorca mo\u017ce otrzyma\u0107 kart\u0119 pobytu (zezwolenie na pobyt)?<\/p>\n\n\n\n<p>Mo\u017ce. Tylko w tym celu konieczne jest spe\u0142nienie kilku wa\u017cnych warunk\u00f3w:<\/p>\n\n\n\n<p>Firma musi dzia\u0142a\u0107 legalnie i generowa\u0107 regularne dochody. Doch\u00f3d minimalny ustalany jest odr\u0119bnie dla ka\u017cdego wojew\u00f3dztwa. Lepiej doprecyzowa\u0107 t\u0119 informacj\u0119, poniewa\u017c mo\u017ce ona ulec zmianie. W przybli\u017ceniu b\u0119dzie to 10-15 tysi\u0119cy euro rocznie.<br>Firma musi oficjalnie zatrudnia\u0107 obywateli Polski lub obcokrajowc\u00f3w przy pomocy prostych prac dla cizoziemca. Okres ich pracy w tym przedsi\u0119biorstwie musi przekracza\u0107 12 miesi\u0119cy.<br>\u2014 Jakie raporty udost\u0119pnia firma? Gdzie? Jak cz\u0119sto?<\/p>\n\n\n\n<p>Deklaracja VAT \u2013 co miesi\u0105c do urz\u0119du skarbowego.<br>Podatek dochodowy \u2013 miesi\u0119cznie lub kwartalnie do urz\u0119du skarbowego.<br>Sk\u0142adki na ubezpieczenia spo\u0142eczne (je\u017celi s\u0105 zatrudnieni pracownicy) \u2013 co miesi\u0105c do ZUS. ubezpieczenie.<br>\u2014 Ile kosztuje miesi\u0119cznie wirtualne biuro (adres prawny)?<\/p>\n\n\n\n<p>W zale\u017cno\u015bci od planu taryfowego koszt waha si\u0119 od 35 do 75 euro miesi\u0119cznie.<\/p>\n\n\n\n<p>*\u015awiadczymy t\u0119 us\u0142ug\u0119 tylko dla naszych klient\u00f3w i zaufanych partner\u00f3w. (w przeciwie\u0144stwie do przypadk\u00f3w, gdy masowa rejestracja odbywa si\u0119 pod legalnym adresem, co rodzi pytania i problemy z bankami i agencjami rz\u0105dowymi).<\/p>\n\n\n\n<p>Monitorujemy tak wa\u017cne kwestie reputacyjne.<\/p>\n\n\n\n<p>Korespondencj\u0119 odbieramy i przekazujemy tak\u017ce natychmiast, a nie raz w tygodniu czy raz w miesi\u0105cu, poniewa\u017c wi\u0119kszo\u015b\u0107 list\u00f3w od agencji rz\u0105dowych wymaga natychmiastowej odpowiedzi.<\/p>\n\n\n\n<p>\u2014 Koszty obs\u0142ugi firmy (ceny przy minimalnej dzia\u0142alno\u015bci):<\/p>\n\n\n\n<p>Us\u0142ugi ksi\u0119gowe &#8212; od 100 euro (podwy\u017cki uzale\u017cnione s\u0105 od ilo\u015bci transakcji oraz tego czy firma b\u0119dzie p\u0142atnikiem VAT\/VAT czy nie)<br>Adres siedziby \u2013 od 35 euro<br>Doradztwo prawno-podatkowe \u2013 ceny indywidualne<br>Marketing i wsparcie na rynku &#8212; ceny indywidualne<br>\u2014 Jakie rodzaje dzia\u0142alno\u015bci mo\u017ce \u015bwiadczy\u0107 sp\u00f3\u0142ka LLC i jakie mog\u0105 obowi\u0105zywa\u0107 ograniczenia?<\/p>\n\n\n\n<p>W Polsce Sp. z oo (LLC) mo\u017ce prowadzi\u0107 niemal ka\u017cdy rodzaj dzia\u0142alno\u015bci, z wyj\u0105tkiem kilku, m.in.:<\/p>\n\n\n\n<p>Centralny system bankowy<br>Ubezpieczenie na \u017cycie<br>Pozosta\u0142e ubezpieczenia osobowe i maj\u0105tkowe<br>Reasekuracja<br>Fundusze emerytalne<br>Zarz\u0105dzanie rynkiem finansowym<br>Mo\u017cna okre\u015bli\u0107 jeden typ g\u0142\u00f3wny i maksymalnie dziewi\u0119\u0107 typ\u00f3w towarzysz\u0105cych.<\/p>\n\n\n\n<p>Mo\u017ce by\u0107 wymagana licencja lub specjalne zezwolenia. Ustalamy to po wype\u0142nieniu przez Pa\u0144stwa Sp. z o.o.<\/p>\n\n\n\n<p>O konieczno\u015bci i kosztach uzyskania pozwole\u0144 poinformujemy Ci\u0119 z wyprzedzeniem.<\/p>\n\n\n\n<p>\u2014 Legalizacja pobytu w Polsce w celach s\u0142u\u017cbowych. Czy przedsi\u0119biorca mo\u017ce ubiega\u0107 si\u0119 o wiz\u0119?<\/p>\n\n\n\n<p>Po zarejestrowaniu firmy mo\u017cna uzyska\u0107 wiz\u0119 biznesow\u0105 na rok przy pobycie 180 dni (tj. 180\/360). Podstaw\u0105 do jego otrzymania b\u0119dzie zaproszenie, kt\u00f3re mo\u017ce dostarczy\u0107 w\u0142asne przedsi\u0119biorstwo lub wyci\u0105g z Rejestru Pa\u0144stwowego.<br>Po wyga\u015bni\u0119ciu wizy nale\u017cy ubiega\u0107 si\u0119 o now\u0105 lub uzyska\u0107 zezwolenie na pobyt sta\u0142y. Zezwolenie wydawane jest na okres od 1 do 3 lat. Aby uzyska\u0107 takie pozwolenie, Ty osobi\u015bcie i firma musisz spe\u0142ni\u0107 okre\u015blon\u0105 list\u0119 wymaga\u0144, nasi specjali\u015bci pomog\u0105 Ci w tych kwestiach.<br>\u2014 Jakie kontrole firmowe obowi\u0105zuj\u0105 w Polsce? Kt\u00f3re agencje rz\u0105dowe je realizuj\u0105? A co dok\u0142adnie sprawdzaj\u0105?<\/p>\n\n\n\n<p>Przedsi\u0119biorca mo\u017ce by\u0107 kontrolowany przez r\u00f3\u017cne organy rz\u0105dowe. Poni\u017cej znajduje si\u0119 ich lista:<\/p>\n\n\n\n<p>Pa\u0144stwowa Inspekcja Pracy<br>Najcz\u0119\u015bciej kontrola polega na sprawdzeniu przestrzegania przepis\u00f3w prawa pracy. W szczeg\u00f3lno\u015bci szczeg\u00f3ln\u0105 uwag\u0119 zwraca si\u0119 na przestrzeganie przepis\u00f3w ochrony pracy, zasad stosunku pracy, minimalnych stawek godzinowych, urlop\u00f3w, godzin pracy oraz zatrudniania os\u00f3b niepe\u0142nosprawnych i nieletnich.<\/p>\n\n\n\n<p>Departament Ubezpiecze\u0144 Spo\u0142ecznych<br>ZUS monitoruje przedsi\u0119biorc\u00f3w, aby prawid\u0142owo i sumiennie wywi\u0105zywali si\u0119 z obowi\u0105zk\u00f3w w zakresie ubezpiecze\u0144 spo\u0142ecznych. Inspektorzy ubezpieczenia spo\u0142ecznego maj\u0105 w szczeg\u00f3lno\u015bci obowi\u0105zek sprawdzenia, czy p\u0142atnik sk\u0142adek op\u0142aca\u0142 je terminowo, prawid\u0142owo nalicza\u0142 wszystkie sk\u0142adki i odpowiednio je op\u0142aca\u0142.<\/p>\n\n\n\n<p>Urz\u0105d skarbowy<br>Kontrola przeprowadzana jest przez pracownik\u00f3w Inspekcji Skarbowej i polega przede wszystkim na sprawdzeniu, czy przedsi\u0119biorca wykonuje dzia\u0142alno\u015b\u0107 prawid\u0142owo, zgodnie z normami prawa podatkowego. Przyk\u0142adowe kontrole: naliczenie i zap\u0142ata podatku dochodowego, zwrot podatku VAT, w\u0142a\u015bciwa dokumentacja.<\/p>\n\n\n\n<p>Ponadto przedsi\u0119biorca, w zale\u017cno\u015bci od prowadzonej dzia\u0142alno\u015bci, mo\u017ce by\u0107 kontrolowany przez nast\u0119puj\u0105ce instytucje:<\/p>\n\n\n\n<p>Departament Inspekcji Celno-Skarbowej<br>Pa\u0144stwowy Fundusz Rehabilitacji Os\u00f3b Niepe\u0142nosprawnych (PEFRON)<br>Pa\u0144stwowa Inspekcja Sanitarna (tylko)<br>Inspekcja Handlowa<br>G\u0142\u00f3wny Inspektorat Weterynarii<br>Organ udzielaj\u0105cy koncesji<br>Organ prowadz\u0105cy rejestr dzia\u0142alno\u015bci regulowanej<br>Stra\u017c Graniczna<br>Generalny Inspektor Ochrony Danych Osobowych<br>Inspekcja Ochrony \u015arodowiska<br>Pa\u0144stwowa Stra\u017c Po\u017carna<br>Mog\u0105 kontrolowa\u0107 wszystko \u2013 ksi\u0119gowo\u015b\u0107, biura, produkcj\u0119.<\/p>\n\n\n\n<p><\/p>\n","protected":false},"excerpt":{"rendered":"<p>Odpowiedzi na cz\u0119sto zadawane pytania \u2014 Kto mo\u017ce za\u0142o\u017cy\u0107 firm\u0119 w Polsce Cudzoziemiec posiadaj\u0105cy paszport [&hellip;]<\/p>\n","protected":false},"author":1,"featured_media":315,"parent":0,"menu_order":3,"comment_status":"closed","ping_status":"closed","template":"","meta":{"footnotes":""},"class_list":["post-322","page","type-page","status-publish","has-post-thumbnail","hentry"],"_links":{"self":[{"href":"https:\/\/anvi-group.com\/index.php?rest_route=\/wp\/v2\/pages\/322","targetHints":{"allow":["GET"]}}],"collection":[{"href":"https:\/\/anvi-group.com\/index.php?rest_route=\/wp\/v2\/pages"}],"about":[{"href":"https:\/\/anvi-group.com\/index.php?rest_route=\/wp\/v2\/types\/page"}],"author":[{"embeddable":true,"href":"https:\/\/anvi-group.com\/index.php?rest_route=\/wp\/v2\/users\/1"}],"replies":[{"embeddable":true,"href":"https:\/\/anvi-group.com\/index.php?rest_route=%2Fwp%2Fv2%2Fcomments&post=322"}],"version-history":[{"count":1,"href":"https:\/\/anvi-group.com\/index.php?rest_route=\/wp\/v2\/pages\/322\/revisions"}],"predecessor-version":[{"id":325,"href":"https:\/\/anvi-group.com\/index.php?rest_route=\/wp\/v2\/pages\/322\/revisions\/325"}],"wp:featuredmedia":[{"embeddable":true,"href":"https:\/\/anvi-group.com\/index.php?rest_route=\/wp\/v2\/media\/315"}],"wp:attachment":[{"href":"https:\/\/anvi-group.com\/index.php?rest_route=%2Fwp%2Fv2%2Fmedia&parent=322"}],"curies":[{"name":"wp","href":"https:\/\/api.w.org\/{rel}","templated":true}]}}