{"id":279,"date":"2024-09-21T15:18:19","date_gmt":"2024-09-21T15:18:19","guid":{"rendered":"https:\/\/anvi-group.com\/?page_id=279"},"modified":"2024-09-21T15:18:20","modified_gmt":"2024-09-21T15:18:20","slug":"ksiegowosc","status":"publish","type":"page","link":"https:\/\/anvi-group.com\/?page_id=279&lang=pl","title":{"rendered":"Ksi\u0119gowo\u015b\u0107"},"content":{"rendered":"\n<p><strong>Hello Poland zapewnia wsparcie ksi\u0119gowe.<\/strong><\/p>\n\n\n\n<p><strong>Wy\u015blij zg\u0142oszenie<\/strong><\/p>\n\n\n\n<figure class=\"wp-block-image\"><img decoding=\"async\" src=\"https:\/\/hello-poland.eu\/wp-content\/uploads\/2022\/07\/buhalter1-1.png\" alt=\"Ksi\u0119gowo\u015b\u0107 \"\/><\/figure>\n\n\n\n<h2 class=\"wp-block-heading\"><strong>Wsparcie ksi\u0119gowe<br>obejmuje nast\u0119puj\u0105ce us\u0142ugi:<\/strong><\/h2>\n\n\n\n<h3 class=\"wp-block-heading\"><strong>Podatki:<\/strong><\/h3>\n\n\n\n<ul class=\"wp-block-list\">\n<li><strong>Przygotowanie\/t\u0142umaczenie pyta\u0144 dla doradcy podatkowego;<\/strong><\/li>\n\n\n\n<li><strong>Rejestracja firmy jako p\u0142atnika VAT;<\/strong><\/li>\n\n\n\n<li><strong>Wsparcie operacji eksportowo-importowych \u2013 wsp\u00f3\u0142praca z brokerem i doradc\u0105 podatkowym, pomoc w transferach i rozwi\u0105zywaniu zada\u0144 zwi\u0105zanych ze wsp\u00f3\u0142prac\u0105;<\/strong><\/li>\n<\/ul>\n\n\n\n<h3 class=\"wp-block-heading\"><strong>Finansowanie:<\/strong><\/h3>\n\n\n\n<ul class=\"wp-block-list\">\n<li><strong>Ocena koszt\u00f3w i korzy\u015bci r\u00f3\u017cnych form finansowania dzia\u0142alno\u015bci gospodarczej (kredyt bankowy, po\u017cyczka, leasing itp.), poszukiwanie partner\u00f3w do zam\u00f3wienia tych us\u0142ug oraz bezpo\u015brednie ich zamawianie;<\/strong><\/li>\n\n\n\n<li><strong>Pomoc w wyborze produktu bankowego (np. kredytu bankowego, faktoringu) w celu poprawy p\u0142ynno\u015bci finansowej firmy;<\/strong><\/li>\n\n\n\n<li><strong>Zapewnienie aktywnego wsparcia w zakresie oceny zdolno\u015bci kredytowej, wsp\u00f3\u0142pracy z doradc\u0105 podatkowym i finansowym;<\/strong><\/li>\n\n\n\n<li><strong>Leasing \u2013 pomoc w rejestracji, komunikacja z organizacjami finansowymi, wyszukiwanie opcji leasingu;<\/strong><\/li>\n\n\n\n<li><strong>Pomoc w zakresie bankowo\u015bci, szkolenie w zakresie korzystania z us\u0142ugi i wyja\u015bnienie specyfiki bankowo\u015bci w Polsce;<\/strong><\/li>\n\n\n\n<li><strong>Bank \u2013 sk\u0142adanie dokument\u00f3w w celu otwarcia konta, zmiana banku w razie potrzeby;<\/strong><\/li>\n\n\n\n<li><strong>Kasy fiskalne \u2013 doradztwo w zakresie korzystania z nich, pomoc w wyborze i zamawianiu;<\/strong><\/li>\n\n\n\n<li><strong>Biznesplan \u2013 pomoc w napisaniu lub zam\u00f3wienie gotowego biznesplanu dla firmy od specjalisty.<\/strong><\/li>\n<\/ul>\n\n\n\n<p><strong><a href=\"https:\/\/hello-poland.eu\/service\/yurydychnyj-suprovid\/\">Lista us\u0142ug wsparcia prawnego<\/a>&nbsp;<a href=\"https:\/\/hello-poland.eu\/service\/dozvoly-ta-liczenziyi\/\">Wi\u0119cej informacji o zezwoleniach i licencjach<\/a><\/strong><\/p>\n","protected":false},"excerpt":{"rendered":"<p>Hello Poland zapewnia wsparcie ksi\u0119gowe. Wy\u015blij zg\u0142oszenie Wsparcie ksi\u0119goweobejmuje nast\u0119puj\u0105ce us\u0142ugi: Podatki: Finansowanie: Lista us\u0142ug [&hellip;]<\/p>\n","protected":false},"author":1,"featured_media":0,"parent":222,"menu_order":0,"comment_status":"closed","ping_status":"closed","template":"","meta":{"footnotes":""},"class_list":["post-279","page","type-page","status-publish","hentry"],"_links":{"self":[{"href":"https:\/\/anvi-group.com\/index.php?rest_route=\/wp\/v2\/pages\/279","targetHints":{"allow":["GET"]}}],"collection":[{"href":"https:\/\/anvi-group.com\/index.php?rest_route=\/wp\/v2\/pages"}],"about":[{"href":"https:\/\/anvi-group.com\/index.php?rest_route=\/wp\/v2\/types\/page"}],"author":[{"embeddable":true,"href":"https:\/\/anvi-group.com\/index.php?rest_route=\/wp\/v2\/users\/1"}],"replies":[{"embeddable":true,"href":"https:\/\/anvi-group.com\/index.php?rest_route=%2Fwp%2Fv2%2Fcomments&post=279"}],"version-history":[{"count":1,"href":"https:\/\/anvi-group.com\/index.php?rest_route=\/wp\/v2\/pages\/279\/revisions"}],"predecessor-version":[{"id":280,"href":"https:\/\/anvi-group.com\/index.php?rest_route=\/wp\/v2\/pages\/279\/revisions\/280"}],"up":[{"embeddable":true,"href":"https:\/\/anvi-group.com\/index.php?rest_route=\/wp\/v2\/pages\/222"}],"wp:attachment":[{"href":"https:\/\/anvi-group.com\/index.php?rest_route=%2Fwp%2Fv2%2Fmedia&parent=279"}],"curies":[{"name":"wp","href":"https:\/\/api.w.org\/{rel}","templated":true}]}}