{"id":232,"date":"2024-09-08T17:10:57","date_gmt":"2024-09-08T17:10:57","guid":{"rendered":"https:\/\/anvi-group.com\/?page_id=232"},"modified":"2024-09-08T17:58:48","modified_gmt":"2024-09-08T17:58:48","slug":"registration-of-the-company-andsole-proprietorship","status":"publish","type":"page","link":"https:\/\/anvi-group.com\/?page_id=232","title":{"rendered":"Registration\u00a0of the company andsole proprietorship"},"content":{"rendered":"\n<ul class=\"wp-block-list\">\n<li><strong>Sp. z o.o. (LLC)<\/strong>\u00a0is the Polish equivalent of a limited liability company.<\/li>\n\n\n\n<li><strong>Jednoosobowa dzia\u0142alno\u015b\u0107 gospodarcza<\/strong>\u00a0\u2013 is the Polish equivalent of running a business as a sole proprietorship.<\/li>\n\n\n\n<li><strong>Ready-made company with VAT number<\/strong>\u00a0\u2013 an opportunity to buy an existing company.<\/li>\n\n\n\n<li><strong>Representative office of a company<\/strong>\u00a0\u2013 a legal form of an enterprise that can conduct business activities, being a representative office of a foreign company from another state.<\/li>\n\n\n\n<li><strong>S.A.<\/strong>\u00a0\u2013 is the Polish equivalent of joint-stock companies<\/li>\n\n\n\n<li>And\u00a0<a href=\"https:\/\/hello-poland.eu\/ru\/service\/bizness-inkubator\/\"><strong>Business Incubator<\/strong><\/a><\/li>\n<\/ul>\n\n\n\n<p><strong>Leave an application<\/strong><\/p>\n\n\n\n<figure class=\"wp-block-image\"><img decoding=\"async\" src=\"https:\/\/hello-poland.eu\/wp-content\/uploads\/2022\/07\/registacia.png\" alt=\"Registration of the company and  sole proprietorship\"\/><\/figure>\n\n\n\n<h2 class=\"wp-block-heading\">Sp. z o.o. (LLC)<\/h2>\n\n\n\n<p><strong>Sp. z o.o. (LLC)<\/strong>&nbsp;\u2013 &nbsp;is the Polish equivalent of a limited liability company.<\/p>\n\n\n\n<p><strong>Advantages:<\/strong><\/p>\n\n\n\n<ul class=\"wp-block-list\">\n<li>legal entity status<\/li>\n\n\n\n<li>limited liability<\/li>\n\n\n\n<li>opening by one or more founders<\/li>\n\n\n\n<li>in some circumstances there is no need to pay insurance contributions<\/li>\n\n\n\n<li>possibility of online registration<\/li>\n<\/ul>\n\n\n\n<figure class=\"wp-block-image\"><img decoding=\"async\" src=\"https:\/\/hello-poland.eu\/wp-content\/uploads\/2022\/07\/regist1-1.png\" alt=\"Sp. z o.o. (LLC)\"\/><\/figure>\n\n\n\n<h2 class=\"wp-block-heading\">Jednoosobowa dzia\u0142alno\u015b\u0107 gospodarcza (sole proprietorship)<\/h2>\n\n\n\n<p><strong>Jednoosobowa dzia\u0142alno\u015b\u0107 gospodarcza<\/strong>&nbsp;\u2013 is the Polish equivalent of running a business as a sole proprietorship.<\/p>\n\n\n\n<h3 class=\"wp-block-heading\">Advantages:<\/h3>\n\n\n\n<ul class=\"wp-block-list\">\n<li>Tax incentives during starting a business<\/li>\n\n\n\n<li>Business expenses reduce the Payable Tax<\/li>\n\n\n\n<li>Possibility to pay a single tax (19% regardless of the income received or 12% up to 120 thousand z\u0142 and 32% after 120 thousand z\u0142 + forms of taxation for certain types of activities at 8.5% and 12%)<\/li>\n\n\n\n<li>Flexible working hours<\/li>\n\n\n\n<li>Income with no upper limit<\/li>\n<\/ul>\n\n\n\n<figure class=\"wp-block-image\"><img decoding=\"async\" src=\"https:\/\/hello-poland.eu\/wp-content\/uploads\/2022\/07\/fop.png\" alt=\"Jednoosobowa dzia\u0142alno\u015b\u0107 gospodarcza (sole proprietorship)\"\/><\/figure>\n\n\n\n<h2 class=\"wp-block-heading\">How it&nbsp;<strong>works:<\/strong><\/h2>\n\n\n\n<p>Contact<\/p>\n\n\n\n<p>Contact us and fill in the Application<\/p>\n\n\n\n<p>Analysis and registration of Digital Signature<\/p>\n\n\n\n<p>We study and analyze the data from your profile, initiate the procedure for obtaining a PESEL (if you do not have one) and an Digital Signature Certificate for each of the co-founders of the company. Term 2-5 days.<\/p>\n\n\n\n<p>Preparation and Confirmation<\/p>\n\n\n\n<p>Selection of PKD (Polska Klasyfikacja Dzia\u0142alno\u015bci) codes, determination of the legal address, ratio of shares of co-owners in the authorized capital, choice of the form of management of the company. Further, the Client confirms the correctness of all data.<\/p>\n\n\n\n<p>Submitting an application to KRS<\/p>\n\n\n\n<p>We prepare all the necessary applications to the court register for registering a company and sign them using an Digital Signature Certificate. We pay the state fee for entering the company into the register and enter data into the CRBR. At this stage, you receive Individual Taxpayer Identification Number (ITIN) and statistic number REGON. Term from 24 hours to 7 days.<\/p>\n\n\n\n<p>Opening a bank account<\/p>\n\n\n\n<p>After confirmation of registration, we open a current account.<\/p>\n\n\n\n<p>Signing documents for cooperation<\/p>\n\n\n\n<p>You can conclude an agreement for accounting support, opening and maintenance of a legal address, consulting services.<\/p>\n\n\n\n<p><strong>Leave an application<\/strong><\/p>\n\n\n\n<p>There are also the following options:<\/p>\n\n\n\n<h2 class=\"wp-block-heading\">Ready-made company with VAT number<\/h2>\n\n\n\n<p><strong>Ready-made company with VAT number<\/strong>&nbsp;\u2013 an opportunity to buy an existing company.<\/p>\n\n\n\n<h3 class=\"wp-block-heading\">Advantages:<\/h3>\n\n\n\n<ul class=\"wp-block-list\">\n<li>Ready-to-work enterprise\/firm;<\/li>\n\n\n\n<li>A valid bank account in national currency and additionally in foreign currencies;<\/li>\n\n\n\n<li>Company charter and an extract from the register in electronic form;<\/li>\n\n\n\n<li>The legal address of the company, paid for 1 year, with the service of receiving and sending scans of mail to the client\u2019s e-mail (the so-called \u201cvirtual office\u201d)<\/li>\n\n\n\n<li>Stamp.<\/li>\n<\/ul>\n\n\n\n<figure class=\"wp-block-image\"><img decoding=\"async\" src=\"https:\/\/hello-poland.eu\/wp-content\/uploads\/2022\/07\/vat-1.png\" alt=\"Ready-made company with VAT number \"\/><\/figure>\n\n\n\n<p>There are also the following options:<\/p>\n\n\n\n<h2 class=\"wp-block-heading\">Business Incubator<\/h2>\n\n\n\n<p>Suitable for IT-specialists, freelancers (designers, marketing specialists, copywriters, photographers, etc.)<\/p>\n\n\n\n<p><a href=\"https:\/\/hello-poland.eu\/ru\/service\/bizness-inkubator\/\">More about Business Incubator<\/a><\/p>\n\n\n\n<figure class=\"wp-block-image\"><img decoding=\"async\" src=\"https:\/\/hello-poland.eu\/wp-content\/uploads\/2022\/07\/incubator1.png\" alt=\"Business Incubator\"\/><\/figure>\n\n\n\n<h2 class=\"wp-block-heading\">Additional&nbsp;<strong>services<\/strong><\/h2>\n\n\n\n<p>You will also receive optionally or additionally the following services:<\/p>\n\n\n\n<ul class=\"wp-block-list\">\n<li>obtaining an ePUAP digital signature<\/li>\n\n\n\n<li>\u044d\u043b\u0435\u043a\u0442\u0440\u043e\u043d\u043d\u044b\u0435 \u043a\u043b\u044e\u0447\u0438<\/li>\n\n\n\n<li>determination of types of activities<\/li>\n\n\n\n<li>conclusion of the founding agreement<\/li>\n\n\n\n<li>legal address<\/li>\n\n\n\n<li>registration number (KRS)<\/li>\n\n\n\n<li>changes in KRS<\/li>\n\n\n\n<li>provision of information about beneficiaries<\/li>\n\n\n\n<li>stamp making<\/li>\n\n\n\n<li>customs number (EORI)<\/li>\n\n\n\n<li>VAT number (VAT UE)<\/li>\n\n\n\n<li>issuance of a visa invitation<\/li>\n\n\n\n<li>liquidation \/ termination of the company<\/li>\n\n\n\n<li>opening a company and an account without personal presence<\/li>\n\n\n\n<li>comprehensive support for your business<\/li>\n<\/ul>\n","protected":false},"excerpt":{"rendered":"<p>Leave an application Sp. z o.o. (LLC) Sp. z o.o. (LLC)&nbsp;\u2013 &nbsp;is the Polish equivalent [&hellip;]<\/p>\n","protected":false},"author":1,"featured_media":0,"parent":224,"menu_order":0,"comment_status":"closed","ping_status":"closed","template":"","meta":{"footnotes":""},"class_list":["post-232","page","type-page","status-publish","hentry"],"_links":{"self":[{"href":"https:\/\/anvi-group.com\/index.php?rest_route=\/wp\/v2\/pages\/232","targetHints":{"allow":["GET"]}}],"collection":[{"href":"https:\/\/anvi-group.com\/index.php?rest_route=\/wp\/v2\/pages"}],"about":[{"href":"https:\/\/anvi-group.com\/index.php?rest_route=\/wp\/v2\/types\/page"}],"author":[{"embeddable":true,"href":"https:\/\/anvi-group.com\/index.php?rest_route=\/wp\/v2\/users\/1"}],"replies":[{"embeddable":true,"href":"https:\/\/anvi-group.com\/index.php?rest_route=%2Fwp%2Fv2%2Fcomments&post=232"}],"version-history":[{"count":1,"href":"https:\/\/anvi-group.com\/index.php?rest_route=\/wp\/v2\/pages\/232\/revisions"}],"predecessor-version":[{"id":233,"href":"https:\/\/anvi-group.com\/index.php?rest_route=\/wp\/v2\/pages\/232\/revisions\/233"}],"up":[{"embeddable":true,"href":"https:\/\/anvi-group.com\/index.php?rest_route=\/wp\/v2\/pages\/224"}],"wp:attachment":[{"href":"https:\/\/anvi-group.com\/index.php?rest_route=%2Fwp%2Fv2%2Fmedia&parent=232"}],"curies":[{"name":"wp","href":"https:\/\/api.w.org\/{rel}","templated":true}]}}