{"id":222,"date":"2024-09-08T16:03:45","date_gmt":"2024-09-08T16:03:45","guid":{"rendered":"https:\/\/anvi-group.com\/?page_id=222"},"modified":"2024-09-26T19:43:40","modified_gmt":"2024-09-26T19:43:40","slug":"uslugi","status":"publish","type":"page","link":"https:\/\/anvi-group.com\/?page_id=222&lang=pl","title":{"rendered":"Us\u0142ugi"},"content":{"rendered":"\n<p>Us\u0142uga<\/p>\n\n\n\n<h2 class=\"wp-block-heading\"><a href=\"https:\/\/hello-poland.eu\/pl\/service\/re%D1%94stracziya-firmi-ta-fop\/\">Rejestracja sp\u00f3\u0142ki<br><strong>i JDG<\/strong><\/a><\/h2>\n\n\n\n<p><strong>Najcz\u0119\u015bciej nasi klienci rejestruj\u0105 Sp\u00f3\u0142k\u0119 z o.o. lub JDG (jednoosobowa dzia\u0142alno\u015b\u0107 gospodarcza).<\/strong><\/p>\n\n\n\n<p>Istnieje wiele r\u00f3\u017cnic mi\u0119dzy nimi, na przyk\u0142ad na etapie zak\u0142adania firmy lub struktury. Ka\u017cda z tych form prawnych prowadzenia dzia\u0142alno\u015bci gospodarczej ma swoje zalety i wady, kt\u00f3re nale\u017cy wzi\u0105\u0107 pod uwag\u0119, aby wybra\u0107 odpowiedni\u0105 form\u0119 dla rozwoju przysz\u0142ej firmy.<\/p>\n\n\n\n<p><a href=\"https:\/\/hello-poland.eu\/pl\/service\/re%D1%94stracziya-firmi-ta-fop\/\">Czytaj wi\u0119cej<\/a><\/p>\n\n\n\n<figure class=\"wp-block-image\"><a href=\"https:\/\/hello-poland.eu\/pl\/service\/re%D1%94stracziya-firmi-ta-fop\/\"><img decoding=\"async\" src=\"https:\/\/hello-poland.eu\/wp-content\/uploads\/2023\/12\/registacia.png\" alt=\"Rejestracja sp\u00f3\u0142ki  i JDG\"\/><\/a><\/figure>\n\n\n\n<p>Us\u0142uga<\/p>\n\n\n\n<h2 class=\"wp-block-heading\"><a href=\"https:\/\/hello-poland.eu\/pl\/service\/biznes-inkubator-pl\/\">Inkubator<strong>biznesu<\/strong><\/a><\/h2>\n\n\n\n<p><strong>Jest to spos\u00f3b na legalne prowadzenie dzia\u0142alno\u015bci gospodarczej w Polsce bez otwierania w\u0142asnej firmy.<\/strong><\/p>\n\n\n\n<p>Inkubator biznesu umo\u017cliwia testowanie pomys\u0142\u00f3w biznesowych w \u015brodowisku rynkowym.<br>Jest to najszybszy, najta\u0144szy i najmniej ryzykowny spos\u00f3b na prowadzenie dzia\u0142alno\u015bci bez konieczno\u015bci rejestracji firmy.<\/p>\n\n\n\n<p><a href=\"https:\/\/hello-poland.eu\/pl\/service\/biznes-inkubator-pl\/\">Czytaj wi\u0119cej<\/a><\/p>\n\n\n\n<figure class=\"wp-block-image\"><a href=\"https:\/\/hello-poland.eu\/pl\/service\/biznes-inkubator-pl\/\"><img decoding=\"async\" src=\"https:\/\/hello-poland.eu\/wp-content\/uploads\/2022\/10\/incubator.png\" alt=\"Inkubatorbiznesu\"\/><\/a><\/figure>\n\n\n\n<p>Us\u0142uga<\/p>\n\n\n\n<h2 class=\"wp-block-heading\"><a href=\"https:\/\/hello-poland.eu\/pl\/service\/yuridichnij-suprovid-pl\/\">Obs\u0142uga&nbsp;<strong>prawna<\/strong><\/a><\/h2>\n\n\n\n<p><strong>Hello Poland zapewnia wsparcie prawne i ksi\u0119gowe.&nbsp;<\/strong><\/p>\n\n\n\n<p>Po podpisaniu umowy nasi specjali\u015bci zapewniaj\u0105 kompleksowe wsparcie dla dzia\u0142alno\u015bci korporacyjnej firmy, reprezentowanie interes\u00f3w firmy w organach rz\u0105dowych, pomoc w zatrudnianiu pracownik\u00f3w, przygotowywaniu i sk\u0142adaniu dokument\u00f3w, uzyskiwaniu licencji i zezwole\u0144.<\/p>\n\n\n\n<p><a href=\"https:\/\/hello-poland.eu\/pl\/service\/yuridichnij-suprovid-pl\/\">Czytaj wi\u0119cej<\/a><\/p>\n\n\n\n<figure class=\"wp-block-image\"><a href=\"https:\/\/hello-poland.eu\/pl\/service\/yuridichnij-suprovid-pl\/\"><img decoding=\"async\" src=\"https:\/\/hello-poland.eu\/wp-content\/uploads\/2023\/12\/img_3184.png\" alt=\"Obs\u0142uga prawna\"\/><\/a><\/figure>\n\n\n\n<p>Us\u0142uga<\/p>\n\n\n\n<h2 class=\"wp-block-heading\"><a href=\"https:\/\/hello-poland.eu\/pl\/service\/dozvoli-ta-liczenzi%D1%97-pl\/\">Zezwolenia&nbsp;<strong>i licencje<\/strong><\/a><\/h2>\n\n\n\n<p><strong>Licencjonowanie dzia\u0142alno\u015bci gospodarczej jest jedn\u0105 z kluczowych kwestii zwi\u0105zanych z legalnym, skutecznym i efektywnym prowadzeniem dzia\u0142alno\u015bci gospodarczej w Europie, w szczeg\u00f3lno\u015bci w Polsce.<\/strong><\/p>\n\n\n\n<p>Uzyskanie licencji i zezwole\u0144 na prowadzenie dzia\u0142alno\u015bci gospodarczej w Polsce jest konieczne, gdy\u017c podlega kontroli nie tylko odpowiednich organ\u00f3w pa\u0144stwowych, ale tak\u017ce kontrahent\u00f3w i klient\u00f3w.<\/p>\n\n\n\n<p><a href=\"https:\/\/hello-poland.eu\/pl\/service\/dozvoli-ta-liczenzi%D1%97-pl\/\">Czytaj wi\u0119cej<\/a><\/p>\n\n\n\n<figure class=\"wp-block-image\"><a href=\"https:\/\/hello-poland.eu\/pl\/service\/dozvoli-ta-liczenzi%D1%97-pl\/\"><img decoding=\"async\" src=\"https:\/\/hello-poland.eu\/wp-content\/uploads\/2023\/12\/licanzii1.png\" alt=\"Zezwolenia i licencje\"\/><\/a><\/figure>\n\n\n\n<p>Us\u0142uga<\/p>\n\n\n\n<h2 class=\"wp-block-heading\"><a href=\"https:\/\/hello-poland.eu\/pl\/service\/buhgalterskij-oblik-pl\/\">Ksi\u0119gowo\u015b\u0107<\/a><\/h2>\n\n\n\n<p><strong>Wszystkie formy prowadzenia dzia\u0142alno\u015bci gospodarczej w Polsce dost\u0119pne dla cudzoziemc\u00f3w wymagaj\u0105 prowadzenia pe\u0142nej ksi\u0119gowo\u015bci.<\/strong><\/p>\n\n\n\n<p>Mo\u017cesz prowadzi\u0107 j\u0105 samodzielnie, zatrudni\u0107 ksi\u0119gowego lub zleci\u0107 prowadzenie ksi\u0119gowo\u015bci i sprawozdawczo\u015bci profesjonalnym specjalistom.<\/p>\n\n\n\n<p>Nasi eksperci pomagaj\u0105 w takich kwestiach jak ksi\u0119gowo\u015b\u0107, wsparcie dla operacji eksportowo-importowych, p\u0142ace i kadry oraz analizy finansowe.<\/p>\n\n\n\n<p><a href=\"https:\/\/hello-poland.eu\/pl\/service\/buhgalterskij-oblik-pl\/\">Czytaj wi\u0119cej<\/a><\/p>\n\n\n\n<figure class=\"wp-block-image\"><a href=\"https:\/\/hello-poland.eu\/pl\/service\/buhgalterskij-oblik-pl\/\"><img decoding=\"async\" src=\"https:\/\/hello-poland.eu\/wp-content\/uploads\/2023\/12\/buhalter.png\" alt=\"Ksi\u0119gowo\u015b\u0107\"\/><\/a><\/figure>\n\n\n\n<p>Us\u0142uga<\/p>\n\n\n\n<h2 class=\"wp-block-heading\"><a href=\"https:\/\/hello-poland.eu\/pl\/service\/platni-konsultaczi%D1%97-pl\/\">Konsultacje<strong>p\u0142atne<\/strong><\/a><\/h2>\n\n\n\n<p><strong>Ju\u017c jedna konsultacja z ekspertem ds. prowadzenia dzia\u0142alno\u015bci gospodarczej i legalizacji w Polsce mo\u017ce zaoszcz\u0119dzi\u0107 wiele czasu, nerw\u00f3w i pieni\u0119dzy w przysz\u0142o\u015bci.<\/strong><\/p>\n\n\n\n<p><a href=\"https:\/\/hello-poland.eu\/pl\/service\/platni-konsultaczi%D1%97-pl\/\">Czytaj wi\u0119cej<\/a><\/p>\n\n\n\n<figure class=\"wp-block-image\"><a href=\"https:\/\/hello-poland.eu\/pl\/service\/platni-konsultaczi%D1%97-pl\/\"><img decoding=\"async\" src=\"https:\/\/hello-poland.eu\/wp-content\/uploads\/2023\/12\/consultant.png\" alt=\"Konsultacjep\u0142atne\"\/><\/a><\/figure>\n\n\n\n<p>Us\u0142uga<\/p>\n\n\n\n<h2 class=\"wp-block-heading\"><a href=\"https:\/\/hello-poland.eu\/pl\/service\/karti-pobitu-pl\/\">Karta<strong>&nbsp;pobytu<\/strong><\/a><\/h2>\n\n\n\n<p><strong>Karta pobytu \u2013 to dokument, kt\u00f3ry identyfikuje cudzoziemca, udziela mu zezwolenia na pobyt w Polsce i umo\u017cliwia legalny i zgodny z prawem pobyt w kraju przez okres d\u0142u\u017cszy ni\u017c 90 dni.<\/strong><\/p>\n\n\n\n<p>Istniej\u0105 nast\u0119puj\u0105ce podstawy do uzyskania karty pobytu:<\/p>\n\n\n\n<ul class=\"wp-block-list\">\n<li>oficjalne zatrudnienie;<\/li>\n\n\n\n<li>studiowanie w polskich instytucjach edukacyjnych;<\/li>\n\n\n\n<li>prowadzenie w\u0142asnej dzia\u0142alno\u015bci gospodarczej w Polsce;<\/li>\n\n\n\n<li>obywatelstwo kt\u00f3regokolwiek z kraj\u00f3w UE;<\/li>\n\n\n\n<li>po\u0142\u0105czenie z cz\u0142onkiem rodziny.<\/li>\n<\/ul>\n\n\n\n<p><a href=\"https:\/\/hello-poland.eu\/pl\/service\/karti-pobitu-pl\/\">Czytaj wi\u0119cej<\/a><\/p>\n\n\n\n<figure class=\"wp-block-image\"><a href=\"https:\/\/hello-poland.eu\/pl\/service\/karti-pobitu-pl\/\"><img decoding=\"async\" src=\"https:\/\/hello-poland.eu\/wp-content\/uploads\/2023\/12\/karta.png\" alt=\"Karta pobytu\"\/><\/a><\/figure>\n\n\n\n<p>Szkolenie<\/p>\n\n\n\n<h2 class=\"wp-block-heading\"><a href=\"https:\/\/segin-roman.com\/\">Kurs \u201cWszystko o&nbsp;<strong>biznesie w Polsce\u201d<\/strong><\/a><\/h2>\n\n\n\n<p><strong>Planujesz rozpocz\u0105\u0107 dzia\u0142alno\u015b\u0107 gospodarcz\u0105 w Polsce na w\u0142asn\u0105 r\u0119k\u0119, ale masz wiele pyta\u0144?<\/strong><\/p>\n\n\n\n<p>Nazywam si\u0119 Roman Sehin. Od ponad 7 lat pomagam obcokrajowcom zak\u0142ada\u0107 i prowadzi\u0107 firmy w Polsce. Kurs \u201eJak otworzy\u0107 i z sukcesem prowadzi\u0107 firm\u0119 w Polsce\u201d jest w\u0142a\u015bnie dla Ciebie.<\/p>\n\n\n\n<p>Uzyskaj mo\u017cliwo\u015b\u0107 poznania WSZYSTKICH odpowiedzi na ponad 150 pyta\u0144 dotycz\u0105cych biznesu w Polsce i sam za\u0142\u00f3\u017c firm\u0119.<\/p>\n\n\n\n<p><a href=\"https:\/\/segin-roman.com\/\">Czytaj wi\u0119cej<\/a><\/p>\n\n\n\n<figure class=\"wp-block-image\"><a href=\"https:\/\/segin-roman.com\/\"><img decoding=\"async\" src=\"https:\/\/hello-poland.eu\/wp-content\/uploads\/2023\/12\/kursy.png\" alt=\"Kurs \u201cWszystko o biznesie w Polsce\u201d\"\/><\/a><\/figure>\n","protected":false},"excerpt":{"rendered":"<p>Us\u0142uga Rejestracja sp\u00f3\u0142kii JDG Najcz\u0119\u015bciej nasi klienci rejestruj\u0105 Sp\u00f3\u0142k\u0119 z o.o. lub JDG (jednoosobowa dzia\u0142alno\u015b\u0107 [&hellip;]<\/p>\n","protected":false},"author":1,"featured_media":0,"parent":0,"menu_order":1,"comment_status":"closed","ping_status":"closed","template":"","meta":{"footnotes":""},"class_list":["post-222","page","type-page","status-publish","hentry"],"_links":{"self":[{"href":"https:\/\/anvi-group.com\/index.php?rest_route=\/wp\/v2\/pages\/222","targetHints":{"allow":["GET"]}}],"collection":[{"href":"https:\/\/anvi-group.com\/index.php?rest_route=\/wp\/v2\/pages"}],"about":[{"href":"https:\/\/anvi-group.com\/index.php?rest_route=\/wp\/v2\/types\/page"}],"author":[{"embeddable":true,"href":"https:\/\/anvi-group.com\/index.php?rest_route=\/wp\/v2\/users\/1"}],"replies":[{"embeddable":true,"href":"https:\/\/anvi-group.com\/index.php?rest_route=%2Fwp%2Fv2%2Fcomments&post=222"}],"version-history":[{"count":1,"href":"https:\/\/anvi-group.com\/index.php?rest_route=\/wp\/v2\/pages\/222\/revisions"}],"predecessor-version":[{"id":223,"href":"https:\/\/anvi-group.com\/index.php?rest_route=\/wp\/v2\/pages\/222\/revisions\/223"}],"wp:attachment":[{"href":"https:\/\/anvi-group.com\/index.php?rest_route=%2Fwp%2Fv2%2Fmedia&parent=222"}],"curies":[{"name":"wp","href":"https:\/\/api.w.org\/{rel}","templated":true}]}}